{"id":1068,"date":"2021-04-29T09:07:02","date_gmt":"2021-04-29T09:07:02","guid":{"rendered":"http:\/\/shop.euro-clear.eu\/?post_type=product&#038;p=1068"},"modified":"2026-03-24T18:12:30","modified_gmt":"2026-03-24T18:12:30","slug":"aquaz-vt4-2-vizfertotlenito","status":"publish","type":"product","link":"https:\/\/euro-clear.eu\/shop\/aquaz-vt4-2-vizfertotlenito\/","title":{"rendered":"Aquaz VT4\/2 UV v\u00edzfert\u0151tlen\u00edt\u0151 berendez\u00e9s"},"content":{"rendered":"<h2>Aquaz Aquaz VT4\/2 UV v\u00edzfert\u0151tlen\u00edt\u0151 berendez\u00e9s<\/h2>\n<p>K\u00f6ztudott, hogy a napb\u00f3l j\u00f6v\u0151 ultraibolya sug\u00e1rz\u00e1s elpuszt\u00edtja a mikroorganizmusokat, a berendez\u00e9s ezt az elvet haszn\u00e1lja fel a v\u00edzben l\u00e9v\u0151 mikroorganizmusok elt\u00e1vol\u00edt\u00e1s\u00e1ra. Ez a m\u00f3dszer a napjainkban alkalmazott m\u00f3dszerek k\u00f6z\u00fcl a leggazdas\u00e1gosabbnak \u00e9s k\u00f6rnyezetv\u00e9delmi szempontb\u00f3l is a legmegfelel\u0151bbnek sz\u00e1m\u00edt.<\/p>\n<p>A kezelend\u0151 v\u00edz ilyenkor <strong>ultraibolya (UV)<\/strong> f\u00e9nyt sug\u00e1rz\u00f3 l\u00e1mpacs\u00f6vek mellett \u00e1ramlik el, s az intenz\u00edv sug\u00e1rz\u00e1s v\u00e9gzi el a v\u00edz fert\u0151tlen\u00edt\u00e9s\u00e9t. Az \u00e1ltal\u00e1nosan elterjedt vegyszeres fert\u0151tlen\u00edt\u00e9ssel szemben az UV cs\u00edr\u00e1tlan\u00edt\u00e1s nem hagy maga ut\u00e1n kellemetlen ut\u00f3\u00edzt, nem kell trihalomet\u00e1n k\u00e9pz\u0151d\u00e9st\u0151l sem tartanunk.<\/p>\n<h2>Aquaz UV berendez\u00e9sek el\u0151nyei:<\/h2>\n<p>\u2713 Nem okoznak k\u00e9miai v\u00e1ltoz\u00e1st a v\u00edzben<\/p>\n<p>\u2713 Alacsony a k\u00f6rnyezetre gyakorolt k\u00e1ros hat\u00e1suk<\/p>\n<p>\u2713 Nem okoznak allergi\u00e1s t\u00fcneteket<\/p>\n<p>\u2713 M\u0171k\u00f6d\u00e9s\u00fck teljesen automata<\/p>\n<p>\u2713 Karbantart\u00e1suk egyszer\u0171 \u00e9s gazdas\u00e1gos<\/p>\n<p>\u2713 Nincs sz\u00fcks\u00e9g vegyszerek haszn\u00e1lat\u00e1ra<\/p>\n","protected":false},"excerpt":{"rendered":"<p><strong>A VIQUA a vil\u00e1g vezet\u0151 lakoss\u00e1gi \u00e9s kiskereskedelmi UV v\u00edzfert\u0151tlen\u00edt\u0151 rendszereinek sz\u00e1ll\u00edt\u00f3ja,<\/strong> amely kezelt vizet biztos\u00edt vegyszerek haszn\u00e1lata n\u00e9lk\u00fcl.<\/p>\n<p><strong>Hossza: <\/strong>436\u00a0mm<\/p>\n<p><strong>\u00c1tm\u00e9r\u0151 m\u00e9ret: <\/strong>65\u00a0mm<\/p>\n<p><strong>Csatlakoz\u00e1s:<\/strong> \u00bd\u201d<br \/>\n<strong>Teljes\u00edtm\u00e9ny:<\/strong> 20 W (Watt)<br \/>\n<strong>Max. \u00fczemi nyom\u00e1s:<\/strong> 8 bar<\/p>\n<p>A term\u00e9k r\u00e9szei az UV l\u00e1mpa, a kvarc cs\u0151 \u00e9s a h\u00e1l\u00f3zati adapter.<\/p>\n","protected":false},"featured_media":1069,"template":"","meta":{"_acf_changed":false,"inline_featured_image":false},"product_brand":[],"product_cat":[29,30],"product_tag":[],"class_list":{"0":"post-1068","1":"product","2":"type-product","3":"status-publish","4":"has-post-thumbnail","6":"product_cat-uv-berendezesek","7":"product_cat-viqua-uv-berendezesek","9":"first","10":"instock","11":"taxable","12":"shipping-taxable","13":"purchasable","14":"product-type-simple"},"group_of_quantity":0,"min_quantity":0,"max_quantity":"","exclude_order_quantity_value_rules":"no","exclude_category_quantity_rules":"no","combine_variations":"no","acf":[],"_links":{"self":[{"href":"https:\/\/euro-clear.eu\/shop\/wp-json\/wp\/v2\/product\/1068","targetHints":{"allow":["GET"]}}],"collection":[{"href":"https:\/\/euro-clear.eu\/shop\/wp-json\/wp\/v2\/product"}],"about":[{"href":"https:\/\/euro-clear.eu\/shop\/wp-json\/wp\/v2\/types\/product"}],"wp:featuredmedia":[{"embeddable":true,"href":"https:\/\/euro-clear.eu\/shop\/wp-json\/wp\/v2\/media\/1069"}],"wp:attachment":[{"href":"https:\/\/euro-clear.eu\/shop\/wp-json\/wp\/v2\/media?parent=1068"}],"wp:term":[{"taxonomy":"product_brand","embeddable":true,"href":"https:\/\/euro-clear.eu\/shop\/wp-json\/wp\/v2\/product_brand?post=1068"},{"taxonomy":"product_cat","embeddable":true,"href":"https:\/\/euro-clear.eu\/shop\/wp-json\/wp\/v2\/product_cat?post=1068"},{"taxonomy":"product_tag","embeddable":true,"href":"https:\/\/euro-clear.eu\/shop\/wp-json\/wp\/v2\/product_tag?post=1068"}],"curies":[{"name":"wp","href":"https:\/\/api.w.org\/{rel}","templated":true}]}}