{"id":5376,"date":"2022-02-17T14:33:15","date_gmt":"2022-02-17T14:33:15","guid":{"rendered":"https:\/\/shop.euro-clear.eu\/?post_type=product&#038;p=5376"},"modified":"2026-03-24T18:20:05","modified_gmt":"2026-03-24T18:20:05","slug":"okt-vizkemenyseg-teszter","status":"publish","type":"product","link":"https:\/\/euro-clear.eu\/shop\/okt-vizkemenyseg-teszter\/","title":{"rendered":"OKT v\u00edzkem\u00e9nys\u00e9g teszter"},"content":{"rendered":"<p><strong>V\u00edzkem\u00e9nys\u00e9g teszter<\/strong><\/p>\n<p><strong>A csomag tartalma:<\/strong><br \/>\n&#8211; 1 db reagens folyad\u00e9k<br \/>\n&#8211; 1 db m\u00e9r\u0151henger<\/p>\n","protected":false},"excerpt":{"rendered":"<h3><strong>V\u00edzl\u00e1gy\u00edt\u00f3 berendez\u00e9ssel egy\u00fctt rendelhet\u0151 kieg\u00e9sz\u00edt\u0151 term\u00e9k!<\/strong><\/h3>\n<p><strong>V\u00edzkem\u00e9nys\u00e9g teszter<\/strong><\/p>\n<p><strong>A csomag tartalma:<\/strong><br \/>\n&#8211; 1 db reagens folyad\u00e9k<br \/>\n&#8211; 1 db m\u00e9r\u0151henger<\/p>\n","protected":false},"featured_media":5383,"template":"","meta":{"_acf_changed":false,"inline_featured_image":false},"product_brand":[],"product_cat":[47],"product_tag":[75,72,74,73],"class_list":{"0":"post-5376","1":"product","2":"type-product","3":"status-publish","4":"has-post-thumbnail","6":"product_cat-kiegeszitok","7":"product_tag-nemet-kemenyseg","8":"product_tag-okt-1","9":"product_tag-teszter","10":"product_tag-vizkemenyseg","12":"first","13":"instock","14":"taxable","15":"shipping-taxable","16":"purchasable","17":"product-type-simple"},"group_of_quantity":0,"min_quantity":0,"max_quantity":"","exclude_order_quantity_value_rules":"no","exclude_category_quantity_rules":"no","combine_variations":"no","acf":[],"_links":{"self":[{"href":"https:\/\/euro-clear.eu\/shop\/wp-json\/wp\/v2\/product\/5376","targetHints":{"allow":["GET"]}}],"collection":[{"href":"https:\/\/euro-clear.eu\/shop\/wp-json\/wp\/v2\/product"}],"about":[{"href":"https:\/\/euro-clear.eu\/shop\/wp-json\/wp\/v2\/types\/product"}],"wp:featuredmedia":[{"embeddable":true,"href":"https:\/\/euro-clear.eu\/shop\/wp-json\/wp\/v2\/media\/5383"}],"wp:attachment":[{"href":"https:\/\/euro-clear.eu\/shop\/wp-json\/wp\/v2\/media?parent=5376"}],"wp:term":[{"taxonomy":"product_brand","embeddable":true,"href":"https:\/\/euro-clear.eu\/shop\/wp-json\/wp\/v2\/product_brand?post=5376"},{"taxonomy":"product_cat","embeddable":true,"href":"https:\/\/euro-clear.eu\/shop\/wp-json\/wp\/v2\/product_cat?post=5376"},{"taxonomy":"product_tag","embeddable":true,"href":"https:\/\/euro-clear.eu\/shop\/wp-json\/wp\/v2\/product_tag?post=5376"}],"curies":[{"name":"wp","href":"https:\/\/api.w.org\/{rel}","templated":true}]}}