{"id":7165,"date":"2023-02-15T13:42:37","date_gmt":"2023-02-15T13:42:37","guid":{"rendered":"https:\/\/euro-clear.eu\/shop\/?post_type=product&#038;p=7165"},"modified":"2026-03-24T18:20:11","modified_gmt":"2026-03-24T18:20:11","slug":"tartozekcsomag","status":"publish","type":"product","link":"https:\/\/euro-clear.eu\/shop\/tartozekcsomag\/","title":{"rendered":"V\u00edzl\u00e1gy\u00edt\u00f3 berendez\u00e9s tartoz\u00e9kcsomag"},"content":{"rendered":"<p><strong>A v\u00edzl\u00e1gy\u00edt\u00f3 berendez\u00e9s csatorna\/szennyv\u00edz h\u00e1l\u00f3zatra val\u00f3 csatlakoztat\u00e1s\u00e1hoz sz\u00fcks\u00e9ges tartoz\u00e9kcsomag.<\/strong><\/p>\n<p><strong><span style=\"text-decoration: underline\">Csomag tartalma:<\/span><\/strong><br \/>\n&#8211; PG\/1 csatorna bek\u00f6t\u0151 szett:<br \/>\n\u25cf 1 db k\u00e9t oldalcsatlakoz\u00e1s\u00fa b\u00faraszifon kifejezetten v\u00edzl\u00e1gy\u00edt\u00f3 berendez\u00e9sekhez \u00e9s el\u0151sz\u0171r\u0151kh\u00f6z kifejlesztve, be\u00e9p\u00edtett visszacsap\u00f3 szeleppel<br \/>\n\u25cf 3,5 m 1\/2&#8243;-os v\u00edztiszta cs\u0151<br \/>\n\u25cf 4 db AWAB bilincs a cs\u0151 r\u00f6gz\u00edt\u00e9s\u00e9hez<\/p>\n<p>&#8211; OKT-1: 1 fiol\u00e1s titr\u00e1l\u00f3 folyad\u00e9k a v\u00edz kem\u00e9nys\u00e9g\u00e9nek prec\u00edz \u00e9s pontos meg\u00e1llap\u00edt\u00e1s\u00e1hoz<\/p>\n","protected":false},"excerpt":{"rendered":"<h3><strong>V\u00edzl\u00e1gy\u00edt\u00f3 berendez\u00e9ssel egy\u00fctt rendelhet\u0151 kieg\u00e9sz\u00edt\u0151 term\u00e9k!<\/strong><\/h3>\n<p><strong>A v\u00edzl\u00e1gy\u00edt\u00f3 berendez\u00e9s csatorna\/szennyv\u00edz h\u00e1l\u00f3zatra val\u00f3 csatlakoztat\u00e1s\u00e1hoz sz\u00fcks\u00e9ges tartoz\u00e9kcsomag.<\/strong><\/p>\n<p><strong><span style=\"text-decoration: underline\">Csomag tartalma:<\/span><\/strong><br \/>\n&#8211; PG\/1 csatorna bek\u00f6t\u0151 szett:<br \/>\n\u25cf 1 db k\u00e9t oldalcsatlakoz\u00e1s\u00fa b\u00faraszifon kifejezetten v\u00edzl\u00e1gy\u00edt\u00f3 berendez\u00e9sekhez \u00e9s el\u0151sz\u0171r\u0151kh\u00f6z kifejlesztve, be\u00e9p\u00edtett visszacsap\u00f3 szeleppel<br \/>\n\u25cf 3,5 m 1\/2&#8243;-os v\u00edztiszta cs\u0151<br \/>\n\u25cf 4 db AWAB bilincs a cs\u0151 r\u00f6gz\u00edt\u00e9s\u00e9hez<\/p>\n<p>&#8211; OKT-1: 1 fiol\u00e1s titr\u00e1l\u00f3 folyad\u00e9k a v\u00edz kem\u00e9nys\u00e9g\u00e9nek prec\u00edz \u00e9s pontos meg\u00e1llap\u00edt\u00e1s\u00e1hoz<\/p>\n","protected":false},"featured_media":14598,"template":"","meta":{"_acf_changed":false,"inline_featured_image":false},"product_brand":[],"product_cat":[47],"product_tag":[69,71,117,68],"class_list":{"0":"post-7165","1":"product","2":"type-product","3":"status-publish","4":"has-post-thumbnail","6":"product_cat-kiegeszitok","7":"product_tag-bekotesi","8":"product_tag-berendezes","9":"product_tag-tartozekcsomag","10":"product_tag-vizlagyito","12":"first","13":"instock","14":"taxable","15":"shipping-taxable","16":"purchasable","17":"product-type-simple"},"group_of_quantity":0,"min_quantity":0,"max_quantity":"","exclude_order_quantity_value_rules":"no","exclude_category_quantity_rules":"no","combine_variations":"no","acf":[],"_links":{"self":[{"href":"https:\/\/euro-clear.eu\/shop\/wp-json\/wp\/v2\/product\/7165","targetHints":{"allow":["GET"]}}],"collection":[{"href":"https:\/\/euro-clear.eu\/shop\/wp-json\/wp\/v2\/product"}],"about":[{"href":"https:\/\/euro-clear.eu\/shop\/wp-json\/wp\/v2\/types\/product"}],"wp:featuredmedia":[{"embeddable":true,"href":"https:\/\/euro-clear.eu\/shop\/wp-json\/wp\/v2\/media\/14598"}],"wp:attachment":[{"href":"https:\/\/euro-clear.eu\/shop\/wp-json\/wp\/v2\/media?parent=7165"}],"wp:term":[{"taxonomy":"product_brand","embeddable":true,"href":"https:\/\/euro-clear.eu\/shop\/wp-json\/wp\/v2\/product_brand?post=7165"},{"taxonomy":"product_cat","embeddable":true,"href":"https:\/\/euro-clear.eu\/shop\/wp-json\/wp\/v2\/product_cat?post=7165"},{"taxonomy":"product_tag","embeddable":true,"href":"https:\/\/euro-clear.eu\/shop\/wp-json\/wp\/v2\/product_tag?post=7165"}],"curies":[{"name":"wp","href":"https:\/\/api.w.org\/{rel}","templated":true}]}}