{"id":7711,"date":"2023-04-12T12:22:11","date_gmt":"2023-04-12T12:22:11","guid":{"rendered":"https:\/\/euro-clear.eu\/shop\/?post_type=product&#038;p=7711"},"modified":"2026-03-24T18:20:13","modified_gmt":"2026-03-24T18:20:13","slug":"dfa-wg-vizjelzo","status":"publish","type":"product","link":"https:\/\/euro-clear.eu\/shop\/dfa-wg-vizjelzo\/","title":{"rendered":"DFA-WG-2 V\u00edzjelz\u0151"},"content":{"rendered":"<h2>F\u0151bb jellemz\u0151k:<\/h2>\n<ul>\n<li>Gyors reakci\u00f3id\u0151, megb\u00edzhat\u00f3 v\u00e9delem<\/li>\n<li>A nedvsz\u00edv\u00f3 bet\u00e9t cser\u00e9j\u00e9vel a term\u00e9k korl\u00e1tlan sz\u00e1mmal \u00fajra haszn\u00e1lhat\u00f3<\/li>\n<\/ul>\n<p>&nbsp;<\/p>\n<h2>Alkalmaz\u00e1si ter\u00fcletek:<\/h2>\n<p>A t\u00fal magas v\u00edznyom\u00e1s vagy a meglazult, el\u00f6regedett csatlakoz\u00e1sok k\u00f6nnyen v\u00edzsziv\u00e1rg\u00e1shoz, cs\u0151t\u00f6r\u00e9shez vezethetnek. A legkisebb v\u00edzk\u00e1r is jelent\u0151s fejf\u00e1j\u00e1st tud okozni, ezen probl\u00e9ma ellen<br \/>\nny\u00fajt v\u00e9delmet a DFA sz\u0171r\u0151kh\u00f6z \u00e9s megfelel\u0151 csatlakoz\u00f3val ell\u00e1tott v\u00edzl\u00e1gy\u00edt\u00f3 berendez\u00e9sekhez csatlakoztathat\u00f3 v\u00edzjelz\u0151 term\u00e9k\u00fcnk.<\/p>\n<p>A term\u00e9ket f\u0151k\u00e9nt lakoss\u00e1gi, kereskedelmi \u00e9s ipari rendszerek v\u00edzk\u00e1r elleni v\u00e9delm\u00e9re aj\u00e1nljuk.<\/p>\n<p>A v\u00edzsziv\u00e1rg\u00e1s \u00e9rz\u00e9kel\u0151 \u00e9s elz\u00e1r\u00f3 szerelv\u00e9ny m\u0171k\u00f6d\u00e9s\u00e9nek alapja egy pamut bet\u00e9t, amely nedvess\u00e9g hat\u00e1s\u00e1ra kit\u00e1gul, ezzel aktiv\u00e1lva egy kapcsol\u00f3t, ami azt\u00e1n jelet k\u00fcld az el\u0151sz\u0171r\u0151nek vagy a v\u00edzl\u00e1gy\u00edt\u00f3 berendez\u00e9snek, ami azt\u00e1n elz\u00e1rja a v\u00edz \u00fatj\u00e1t.<\/p>\n","protected":false},"excerpt":{"rendered":"<h2>DFA-WG-2 v\u00edzjelz\u0151<\/h2>\n<p>Lak\u00e1sunk v\u00edz\u0151r funkci\u00f3ja a DFA-WG-2 v\u00edzjelz\u0151 megv\u00e1s\u00e1rl\u00e1s\u00e1val lesz teljes.<\/p>\n<p>A helyis\u00e9g padl\u00f3zat\u00e1ra helyezve figyeli az ott esetlegesen megjelen\u0151 v\u00edzk\u00e9pz\u0151d\u00e9st \u00e9s azonnal lez\u00e1rja az automata v\u00edzsz\u0171r\u0151, illetve a v\u00edzl\u00e1gy\u00edt\u00f3 bemeneti oldal\u00e1t ezzel megel\u0151zve a v\u00edzk\u00e1rt.<\/p>\n<p>A DFA-WG-2 v\u00edzjelz\u0151 k\u00f6zvetlen\u00fcl a DFA-34A \u00e9s DFA-1A automata v\u00edzsz\u0171r\u0151kh\u00f6z valamint a k\u00fcls\u0151 v\u00edzsziv\u00e1rg\u00e1s \u00e9rz\u00e9kel\u0151 \u00e9s elz\u00e1r\u00f3 szerelv\u00e9ny csatlakoz\u00f3 aljzattal rendelkez\u0151 BS, RW, SWS, Midnight v\u00edzl\u00e1gy\u00edt\u00f3 berendez\u00e9sekhez csatlakoztathat\u00f3.<\/p>\n","protected":false},"featured_media":12804,"template":"","meta":{"_acf_changed":false,"inline_featured_image":false},"product_brand":[],"product_cat":[47],"product_tag":[122,125,123,124],"class_list":{"0":"post-7711","1":"product","2":"type-product","3":"status-publish","4":"has-post-thumbnail","6":"product_cat-kiegeszitok","7":"product_tag-dfa-wg","8":"product_tag-safehome","9":"product_tag-vizjezlzo","10":"product_tag-vizor","12":"first","13":"instock","14":"taxable","15":"shipping-taxable","16":"purchasable","17":"product-type-simple"},"group_of_quantity":0,"min_quantity":0,"max_quantity":"","exclude_order_quantity_value_rules":"no","exclude_category_quantity_rules":"no","combine_variations":"no","acf":[],"_links":{"self":[{"href":"https:\/\/euro-clear.eu\/shop\/wp-json\/wp\/v2\/product\/7711","targetHints":{"allow":["GET"]}}],"collection":[{"href":"https:\/\/euro-clear.eu\/shop\/wp-json\/wp\/v2\/product"}],"about":[{"href":"https:\/\/euro-clear.eu\/shop\/wp-json\/wp\/v2\/types\/product"}],"wp:featuredmedia":[{"embeddable":true,"href":"https:\/\/euro-clear.eu\/shop\/wp-json\/wp\/v2\/media\/12804"}],"wp:attachment":[{"href":"https:\/\/euro-clear.eu\/shop\/wp-json\/wp\/v2\/media?parent=7711"}],"wp:term":[{"taxonomy":"product_brand","embeddable":true,"href":"https:\/\/euro-clear.eu\/shop\/wp-json\/wp\/v2\/product_brand?post=7711"},{"taxonomy":"product_cat","embeddable":true,"href":"https:\/\/euro-clear.eu\/shop\/wp-json\/wp\/v2\/product_cat?post=7711"},{"taxonomy":"product_tag","embeddable":true,"href":"https:\/\/euro-clear.eu\/shop\/wp-json\/wp\/v2\/product_tag?post=7711"}],"curies":[{"name":"wp","href":"https:\/\/api.w.org\/{rel}","templated":true}]}}