{"id":8733,"date":"2023-09-05T12:32:30","date_gmt":"2023-09-05T12:32:30","guid":{"rendered":"https:\/\/euro-clear.eu\/shop\/?post_type=product&#038;p=8733"},"modified":"2026-03-24T18:13:12","modified_gmt":"2026-03-24T18:13:12","slug":"bluesoft-1248ea-63-ecomix-a-tobbkomponensu-vizkezelo-berendezes","status":"publish","type":"product","link":"https:\/\/euro-clear.eu\/shop\/bluesoft-1248ea-63-ecomix-a-tobbkomponensu-vizkezelo-berendezes\/","title":{"rendered":"BlueSoft 1248EA\/63 Ecomix-A t\u00f6bbkomponens\u0171 v\u00edzkezel\u0151 berendez\u00e9s"},"content":{"rendered":"<h2>BlueSoft 1248EA\/63 Ecomix-A t\u00f6bbkomponens\u0171 v\u00edzkezel\u0151 berendez\u00e9s<\/h2>\n<p><strong>\u2713<\/strong> Az Ecomix\u00ae szemcs\u00e9s sz\u0171r\u0151anyag, amely egyidej\u0171leg t\u00e1vol\u00edtja el a vasat, mang\u00e1nt \u00e9s szerves anyagokat, valamint cs\u00f6kkenti a v\u00edz kem\u00e9nys\u00e9g\u00e9t. A t\u00f6bb r\u00e9tegb\u0151l \u00e1ll\u00f3 (multi-media) anyag f\u0151 komponensei a t\u00f6bbfunkci\u00f3s por\u00f3zus polimer adszorbens \u00e9s az ioncser\u00e9l\u0151 anyag. A v\u00edz tiszt\u00edt\u00e1sa adszorpci\u00f3 \u2013 ioncsere mechanizmus elv\u00e9n j\u00f6n l\u00e9tre. Az Ecomix\u00ae regener\u00e1l\u00e1sa a hagyom\u00e1nyos v\u00edzl\u00e1gy\u00edt\u00f3 berendez\u00e9sekhez hasonl\u00f3an tel\u00edtett (26%) NaCl-oldattal t\u00f6rt\u00e9nik.<\/p>\n<p><strong>\u2713<\/strong> Az els\u0151 regener\u00e1l\u00e1st k\u00f6vet\u0151en alakul ki a k\u00fcl\u00f6nb\u00f6z\u0151 sz\u0171r\u0151anyagok v\u00e9gleges r\u00e9tegrendje, illetve az Ecomix\u00ae t\u00f6ltet maxim\u00e1lis tiszt\u00edt\u00e1si kapacit\u00e1sa.<\/p>\n<p><strong>\u2713 Nem iv\u00f3v\u00edz min\u0151s\u00edt\u00e9s\u0171 technol\u00f3giai v\u00edz, k\u00fatv\u00edz tiszt\u00edt\u00e1s\u00e1ra alkalmazhat\u00f3. <\/strong>A k\u00e9sz\u00fcl\u00e9k teljesen lel\u00e1gy\u00edtott (0 nk) vizet \u00e1ll\u00edt el\u0151. Iv\u00f3v\u00edz min\u0151s\u00e9g\u0171 (5 nk) v\u00edzkem\u00e9nys\u00e9g visszakever\u00e9se nem lehets\u00e9ges a technol\u00f3gia saj\u00e1toss\u00e1gai miatt.<\/p>\n<p><strong>\u2713 <\/strong>A term\u00e9k folyamatos oxid\u00e1ci\u00f3kep\u00e9ss\u00e9g\u00e9nek fenntart\u00e1s\u00e1hoz nem sz\u00fcks\u00e9ges vegyszer adagol\u00e1st telep\u00edteni. Fert\u0151tlen\u00edt\u00e9st a gy\u00e1rt\u00f3 \u00e1ltal javasolt vegyszerrel kell elv\u00e9gezni.<\/p>\n<p><strong>\u2713<\/strong> A term\u00e9k nem rendelkezik iv\u00f3v\u00edz biztons\u00e1gi enged\u00e9llyel. <strong>A kezelt v\u00edz emberi felhaszn\u00e1l\u00e1sra nem alkalmas!<\/strong><\/p>\n<p><strong>\u2713<\/strong> Az Ecomix-A sz\u0171r\u0151t\u00f6ltet a szerves anyag (KOI) 50%-\u00e1t elt\u00e1vol\u00edtja!<\/p>\n<p>A bevizsg\u00e1lt k\u00fatv\u00edz megfelel\u0151s\u00e9g\u00e9t \u00f6sszevetheti <a href=\"https:\/\/euro-clear.eu\/shop\/ecomix-berendezesek-termekvalaszto\/\" target=\"_blank\" rel=\"noopener\"><strong>term\u00e9kv\u00e1laszt\u00f3 fel\u00fclet\u00fcnk<\/strong><\/a> hat\u00e1r\u00e9rt\u00e9keivel.<\/p>\n<p>&nbsp;<\/p>\n<p><strong>M\u0171k\u00f6d\u00e9si tulajdons\u00e1gok:<\/strong><\/p>\n<p>Kem\u00e9nys\u00e9g: &lt;750 mg\/l CaCO3<\/p>\n<p>Vas: &lt;15 mg\/l<\/p>\n<p>Mang\u00e1n: &lt;3 mg\/l<\/p>\n<p><strong>KOI (KMnO4) (szervesanyag hat\u00e1r\u00e9rt\u00e9k): &lt;20 mg\/l<\/strong><\/p>\n<p>Ammonium: &lt;4 mg\/l<\/p>\n<p>Regener\u00e1l\u00e1s: 100g NaCl \/ liter t\u00f6ltet<\/p>\n<p>V\u00edzfogyaszt\u00e1s: 4-6 v\u00edz \/ liter t\u00f6ltet<\/p>\n<p>A t\u00f6ltet \u00e9lettartama 3-10 \u00e9v.<\/p>\n<p>&nbsp;<\/p>\n","protected":false},"excerpt":{"rendered":"<h4><b>A term\u00e9k csomagol\u00e1si saj\u00e1toss\u00e1g\u00e1b\u00f3l ad\u00f3d\u00f3lag a berendez\u00e9st csak egy az \u00d6n \u00e1ltal kiv\u00e1lasztott \u00e1tv\u00e9teli pontra tudjuk kisz\u00e1ll\u00edtani! <\/b><\/h4>\n<h4><b>Az \u00d6n ig\u00e9nyeinek megfelel\u0151 k\u00e9sz\u00fcl\u00e9k kiv\u00e1laszt\u00e1s\u00e1hoz k\u00e9rj\u00fck, hogy k\u00e9rje \u00dcgyf\u00e9lszolg\u00e1latunk seg\u00edts\u00e9g\u00e9t! El\u0151zetesen k\u00e9sz\u00edttessen egy v\u00edzminta bevizsg\u00e1l\u00e1st, amelyet k\u00fcldj\u00f6n el \u00dcgyf\u00e9lszolg\u00e1latunk elektronikus el\u00e9rhet\u0151s\u00e9g\u00e9re!<\/b><\/h4>\n<p>T\u00f6bbkomponens\u0171, \u00f6sszetett sz\u0171r\u0151anyaggal felt\u00f6lt\u00f6tt v\u00edzkezel\u0151 berendez\u00e9s k\u00fat v\u00edzhez tiszt\u00edt\u00e1s\u00e1hoz \u00e9s l\u00e1gy\u00edt\u00e1s\u00e1hoz.<\/p>\n<p>A berendez\u00e9s egy kiv\u00e1l\u00f3 min\u0151s\u00e9g\u0171 speci\u00e1lis sz\u0171r\u0151anyaggal t\u00f6lt\u00f6tt oszlop, mely a kezelend\u0151 v\u00edzben l\u00e9v\u0151 vas, mang\u00e1n, amm\u00f3nia, \u00e9s a kem\u00e9nys\u00e9get okoz\u00f3 \u00e9rt\u00e9keket az eg\u00e9szs\u00e9g\u00fcgyi hat\u00e1r\u00e9rt\u00e9k al\u00e1 cs\u00f6kkenti.<\/p>\n<h4><strong>Nem iv\u00f3v\u00edz min\u0151s\u00edt\u00e9s\u0171 technol\u00f3giai v\u00edz, k\u00fatv\u00edz tiszt\u00edt\u00e1s\u00e1ra alkalmazhat\u00f3. Emberi felhaszn\u00e1l\u00e1sra nem alkalmas!<\/strong><\/h4>\n<p>Hat\u00e9kony megold\u00e1s az 5 leggyakoribb v\u00edzmin\u0151s\u00e9gi probl\u00e9m\u00e1ra egyetlen k\u00e9sz\u00fcl\u00e9kben:<\/p>\n<ol>\n<li>L\u00e1gy\u00edtja a vizet, megakad\u00e1lyozva a v\u00edzk\u00f6vesed\u00e9st<\/li>\n<li>Tiszt\u00edtja a vizet, cs\u00f6kkentve a zavaros v\u00edz sz\u00edn\u00e9t<\/li>\n<li>Elt\u00e1vol\u00edtja a vasat \u00e9s a mang\u00e1nt<\/li>\n<li>Elt\u00e1vol\u00edtja az amm\u00f3ni\u00e1t \u00e9s egy\u00e9b szerves anyagokat<\/li>\n<li>Megsz\u00fcnteti a v\u00edz f\u00e9mes jelleg\u00e9t<\/li>\n<\/ol>\n<p>&nbsp;<\/p>\n<p><strong>A berendez\u00e9s felt\u00fcntetett \u00e1r\u00e1nak nem r\u00e9sze a be\u00fczemel\u00e9s k\u00f6lts\u00e9ge! A megfelel\u0151 be\u00fczemel\u00e9st elv\u00e9gz\u0151 partner ir\u00e1nt k\u00e9rem \u00e9rdekl\u0151dj\u00f6n \u00fcgyf\u00e9lszolg\u00e1latunk el\u00e9rhet\u0151s\u00e9gein!<\/strong><\/p>\n<p><strong>Cikksz\u00e1m:<\/strong> BS-1248EA\/63<br \/>\n<strong>Csatlakoz\u00e1s:<\/strong> 1&#8243;<br \/>\n<strong>Ecomix-A t\u00f6ltet: <\/strong>50\u00a0liter<\/p>\n<p><strong>M\u00e9ret (Ma x Ho x Sz\u00e9):<\/strong> 1450 x 690 x 370 mm<\/p>\n","protected":false},"featured_media":8701,"template":"","meta":{"_acf_changed":false,"inline_featured_image":false},"product_brand":[],"product_cat":[49,132],"product_tag":[52,133],"class_list":{"0":"post-8733","1":"product","2":"type-product","3":"status-publish","4":"has-post-thumbnail","6":"product_cat-kutviz-tisztitasa","7":"product_cat-ecomix-toltetu-berendezesek","8":"product_tag-bluesoft","9":"product_tag-ecomix","11":"first","12":"instock","13":"taxable","14":"shipping-taxable","15":"purchasable","16":"product-type-simple"},"group_of_quantity":0,"min_quantity":0,"max_quantity":"","exclude_order_quantity_value_rules":"no","exclude_category_quantity_rules":"no","combine_variations":"no","acf":[],"_links":{"self":[{"href":"https:\/\/euro-clear.eu\/shop\/wp-json\/wp\/v2\/product\/8733","targetHints":{"allow":["GET"]}}],"collection":[{"href":"https:\/\/euro-clear.eu\/shop\/wp-json\/wp\/v2\/product"}],"about":[{"href":"https:\/\/euro-clear.eu\/shop\/wp-json\/wp\/v2\/types\/product"}],"wp:featuredmedia":[{"embeddable":true,"href":"https:\/\/euro-clear.eu\/shop\/wp-json\/wp\/v2\/media\/8701"}],"wp:attachment":[{"href":"https:\/\/euro-clear.eu\/shop\/wp-json\/wp\/v2\/media?parent=8733"}],"wp:term":[{"taxonomy":"product_brand","embeddable":true,"href":"https:\/\/euro-clear.eu\/shop\/wp-json\/wp\/v2\/product_brand?post=8733"},{"taxonomy":"product_cat","embeddable":true,"href":"https:\/\/euro-clear.eu\/shop\/wp-json\/wp\/v2\/product_cat?post=8733"},{"taxonomy":"product_tag","embeddable":true,"href":"https:\/\/euro-clear.eu\/shop\/wp-json\/wp\/v2\/product_tag?post=8733"}],"curies":[{"name":"wp","href":"https:\/\/api.w.org\/{rel}","templated":true}]}}